2*t + 2*k = t - u. What are the prime factors of t?
5
Let i(h) = 3*h - 11. Let c be i(8). Suppose -42 - c = -5*y. What are the prime factors of y?
11
Let d = 12 + -9. Suppose i - 8 = -d*i. Suppose 4*j + 3*s - 51 + 3 = 0, -i*j = 2*s - 22. List the prime factors of j.
3, 5
Let d(t) = -t**3 - 14*t**2 - 4*t - 21. List the prime factors of d(-14).
5, 7
Let g(t) = 116*t**3 + t - 1. Let u be g(1). Suppose 5*y - 129 = u. Suppose 4*c = 8*c - o - y, 5*c + 4*o = 56. What are the prime factors of c?
2, 3
Let p(h) = -2*h - 11. Let u(f) = 9*f**3 + f**2. Let z be u(-1). What are the prime factors of p(z)?
5
Let o(x) = 3*x - 3. Let g be o(7). Suppose -2*f = -6, -q + 6*q = 4*f + g. What are the prime factors of q?
2, 3
Let c(m) = -m**3 - 3*m**2 + 2*m - 5. Let p be c(-4). Suppose 2*q + q - 9 = 0. Suppose 4*a = 4*y - 32, -q*y - 2*a - 8 = p*a. List the prime factors of y.
2
Let o(m) = -7*m**3 - 2*m + 1. Let h be o(1). Let l be ((-24)/(-1))/(h - -9). Suppose -3*a - s = -40, 2*a - l = a - 3*s. List the prime factors of a.
2, 3
List the prime factors of 2/(1*10/585).
3, 13
Suppose -15 = -j + 5*h, 0 = 2*j + h - 65 + 13. Let i = j - 17. Suppose 0 = 5*t - 38 + i. List the prime factors of t.
2, 3
Let h = 125 + -62. What are the prime factors of h?
3, 7
Suppose -4*l + 56 = -0*l. List the prime factors of l.
2, 7
Let o(p) = -2*p - 10. Let l = -18 - -10. Let w be o(l). Suppose 4*m - 3*m = w. What are the prime factors of m?
2, 3
Let q(l) = -l**2 + 11*l + 9. Let o(i) = -i**2 + 10*i + 10. Let b(z) = 3*o(z) - 2*q(z). Let x be b(9). Suppose -x*h = -h - 28. What are the prime factors of h?
2, 7
Let f = 22 - -8. What are the prime factors of f?
2, 3, 5
What are the prime factors of -211*(-4)/8*(-2)/(-1)?
211
Let r(f) = -1 + 0*f + 3 + 0*f - 10*f. What are the prime factors of r(-1)?
2, 3
Let k = -388 + 543. List the prime factors of k.
5, 31
Suppose -5 = 5*c - 2*n - 22, 0 = n + 1. List the prime factors of (0 + c/(-1))*-2.
2, 3
Let s(y) = -7*y + 4*y + 2 + 2. Suppose 2 = -2*i - 4. What are the prime factors of s(i)?
13
Let p = -5 - -1. Let y = p - -10. List the prime factors of y.
2, 3
Let g = -1 + 5. Suppose 0 = -2*c - 4*o + 2, -g*c - 2*o + 9 = -1. List the prime factors of c.
3
Suppose -z + 60 = 4*z. Suppose -j - z = -2*j. What are the prime factors of j?
2, 3
Suppose -2*b + 1 + 5 = 0. Suppose 20 = b*c - 2*l + l, l = 5*c - 34. List the prime factors of c.
7
Suppose 0 = 2*y - 171 + 19. What are the prime factors of (3 + -6)*y/(-6)?
2, 19
Let p be 1*(2 + (2 - -50)). Suppose m + 5*t - p = 0, -m + 4 = t - 38. What are the prime factors of m?
3, 13
Let m = -12 + 43. Suppose o = -3*s - m, -37 = 5*s - o + 4. Let b(g) = -g**3 - 9*g**2 + g + 11. List the prime factors of b(s).
2
Let h be 3 + (3/3 - -1). Suppose 0*v - 3*w = -v + 37, 0 = h*v + 3*w - 95. List the prime factors of v.
2, 11
Suppose 2*j + 48 = 5*z, 3*z - j = 3*j + 40. Suppose 0 = -i - z - 1. What are the prime factors of 2/i - 112/(-18)?
2, 3
Let k(v) = v + 11. Let c be k(-8). Suppose c*g = 4*g - 20. What are the prime factors of g?
2, 5
Let d(u) = 6*u + 3. Let h be d(-3). List the prime factors of (h/12)/(2/(-24)).
3, 5
Let k be -5*6*5/(-10). Suppose 5*b = -20, 4*h = b + 1 + k. List the prime factors of h.
3
Let o(b) = b**3 + b**2 - b - 1. Let i(a) = -5*a**3 - 5*a**2 - a. Let x(j) = i(j) + 3*o(j). What are the prime factors of x(-2)?
13
Let x = 7 - 5. Suppose 0*z + x = z. Let v(o) = o**2 + o - 1. List the prime factors of v(z).
5
List the prime factors of (248/(-5))/(-3 - 42/(-15)).
2, 31
Let l be (-1)/(-4) - 2/8. Let f(t) = -t + 3. List the prime factors of f(l).
3
Let r = -25 - -64. List the prime factors of r.
3, 13
Suppose 129 + 111 = 4*a. Suppose a = 3*s + s. List the prime factors of s.
3, 5
Suppose 148 - 56 = 4*g. List the prime factors of g.
23
Let h be 3/(3/(-6) + 2). Suppose -3*l - h*t + 3 = 0, 5*t = -0*t. Suppose 25 = 2*m + l. List the prime factors of m.
2, 3
Suppose 6*n - 3*n - 12 = 0. Let a be n + (0/1)/1. Suppose -2*c - 4 = -a*f + 4, -3*c + 12 = 2*f. What are the prime factors of f?
3
Suppose 0*r = -3*r - 12. List the prime factors of ((-8)/(-10))/(r/(-10)).
2
Suppose -l = -44 - 19. List the prime factors of l.
3, 7
Let p(a) = -3*a - 1. Let y be p(-2). Suppose -4*j + 0*h = 3*h + 12, y*h = 2*j - 20. Suppose 9*v - 4*v - 30 = j. List the prime factors of v.
2, 3
Let d(i) = i**2 - 5*i + 287. List the prime factors of d(0).
7, 41
Let g(v) = -v + 14. List the prime factors of g(10).
2
Let m = -8 + 12. Let c(q) = -q**3 + 3*q**2 + q. Let h be c(m). What are the prime factors of 4/h*1*-27?
3
Suppose -4*m + 138 = -2*m. Suppose -2*l - 3*l + 25 = 0. Suppose 0 = -l*x + m - 9. List the prime factors of x.
2, 3
Suppose 2 = 4*s - 10. Suppose -s*h = -11 - 37. What are the prime factors of h?
2
Let k = 224 - 156. List the prime factors of k.
2, 17
Let r be (-45)/(-4) + (-7)/28. Suppose -r + 39 = 4*q. List the prime factors of q.
7
Let q(w) = 2*w**2 + 2*w. Let r be q(-2). Suppose -r - 5 = -3*m, 12 = 3*c - m. Suppose -10 - 25 = -c*b. List the prime factors of b.
7
Let l = 12 - -47. What are the prime factors of l?
59
Let f be 210/40 + 2/(-8). Suppose f*o + 30 - 120 = 0. What are the prime factors of o?
2, 3
Let l(p) = 12*p + 51. Let w(r) = 3*r + 13. Let x(c) = 2*l(c) - 9*w(c). List the prime factors of x(-10).
3, 5
Suppose -2*p - 9 = -57. Suppose -72 + p = 4*b. Let l = b - -24. What are the prime factors of l?
2, 3
Let f = 31 + 9. Suppose 2*d - 3*d - 5 = 5*z, -z - 1 = -4*d. List the prime factors of -2 - z - f/(-4).
3
Let o be 2 + (-2)/((-6)/(-3)). Let m(c) = -2*c**2 + 2*c - 1. Let j be m(1). What are the prime factors of (8/1)/(o - j)?
2
Suppose -k = -2, s + 6*k = 4*k + 32. Let x be s/10 - (-4)/20. Suppose -x + 11 = 4*v. What are the prime factors of v?
2
Let a = -11 + 7. Let f be (18/a)/(3/(-4)). Let b = 1 + f. List the prime factors of b.
7
What are the prime factors of (52/(-6))/((57/90)/(-19))?
2, 5, 13
Suppose 2*u = -0*u - 6. Suppose -24 = q - 5*q. List the prime factors of q/(-9) + (-23)/u.
7
List the prime factors of (-186)/(-42) - (-8)/14.
5
Let v(h) = 37*h - 10. Let i(y) = -12*y + 3. Let g(c) = -7*i(c) - 2*v(c). Let a(x) = 9*x - 2. Let j(b) = 4*a(b) - 3*g(b). List the prime factors of j(4).
19
Let q = -5 - -5. Let r(g) = g**3 - g**2 - g + 5. Let k be r(0). Suppose k*p = x + 45, -4*p + 55 = -q*p + 3*x. List the prime factors of p.
2, 5
Let p(u) = -u**3 - 5*u**2 - 6*u + 1. List the prime factors of p(-5).
31
Let b be (-2 - 2)*(-5)/(-4). Let d = b + 10. List the prime factors of d.
5
Let s(d) = 5*d**2 + 8*d + 6. What are the prime factors of s(-4)?
2, 3
What are the prime factors of 117 + (22/33)/((-2)/(-3))?
2, 59
List the prime factors of ((-118)/(-4) + (0 - 3))*2.
53
Let g(v) = v**2 - 4*v - 10. What are the prime factors of g(-6)?
2, 5
Let l(a) = -2*a - 7. Let u be l(-5). What are the prime factors of 4*1/3*u?
2
Let v(q) = -q**3 + 3*q**2 + 4*q + 3. Let p be v(4). Let a(w) = -11*w**2 - w**3 + 11*w + 0*w**p + 2*w**3 - 2. What are the prime factors of a(10)?
2
Let r be 0 - -4 - (-140 - 0). What are the prime factors of (-28)/(-6)*r/28?
2, 3
Let c(g) = 20*g + 10. Let i(x) = -7*x - 3. Let y(n) = 4*c(n) + 11*i(n). What are the prime factors of y(6)?
5
Let d = 11 + -5. What are the prime factors of d?
2, 3
Let y be ((-48)/10)/((-8)/40). Suppose -2*o = -3*o + y. What are the prime factors of o?
2, 3
Let k(y) be the third derivative of y**4/8 + y**3/6 + 11*y**2. Let v = -4 - -6. What are the prime factors of k(v)?
7
Let d(l) = 0*l**2 + 7*l**2 + l - 4 + 2*l + l**3. Let n be d(-4). What are the prime factors of 4/6 - n/(-6)?
2, 3
Let p(t) = -t**3 + t**2 + t + 23. Suppose 2*n = -l + 3, 6 = -3*n - 3*l + 5*l. List the prime factors of p(n).
23
Let k(c) = -2*c + c**2 + 1 + 4*c - 2*c**2. Let f be k(2). What are the prime factors of (f + -10)*(-2)/3?
2, 3
Suppose c + 3*c - 4*d = 428, 3*d = 0. List the prime factors of c.
107
Suppose -3*s + 4*s + 10 = 0. Let v = 4 - 5. Let g = v - s. List the prime factors of g.
3
Suppose 3*x - 8 = -5*v - 0, -5*x - 8 = 3*v. Suppose -4*p + 60 = -v. Suppose 3*l - p = 11. List the prime factors of l.
3
Let x = -37 - -76. List the prime factors of x.
3, 13
Suppose 0 = 2*t - 0*u + 5*u - 31, 43 = 5*t + u. Suppose -5*k - 4*d + 7 = -28, 5*d - 31 = -2*k. Suppose t*r - 10 = k*r. List the prime factors of r.
2